x(u). Determine i(-11).
-2
Let y be (-21)/12*(1 - 5). Let r(b) = -y*b + 10 + b + 5*b. Determine r(0).
10
Suppose -2*y = 3*y - 25. Let p(n) be the first derivative of 2*n**2 + 4 - y*n + 1/3*n**3. Determine p(-5).
0
Let z(c) = 2*c + 13. Let p(d) = 3*d + 24. Let l(u) = -3*p(u) + 5*z(u). Give l(-5).
-12
Let z(f) = -14*f + 22*f - 7*f. Calculate z(3).
3
Let h(q) = q**3 - 14*q**2 - 2. Let m = 103 + -89. What is h(m)?
-2
Let s be (-2)/(-12) + (-46)/(-12). Let x(p) be the second derivative of p**4/12 - 2*p**3/3 - 5*p**2/2 - 16*p. Calculate x(s).
-5
Let f(n) = 5*n + 25. Let r(o) = -o - 5. Let p(z) = -2*f(z) - 11*r(z). Give p(-7).
-2
Let y(r) = -13*r - 10 - r**3 - 12*r + 33*r + 6*r**2. Calculate y(7).
-3
Let a(l) = 5*l**2 + 3. Let w(v) = -v**2. Let y(z) = a(z) + 4*w(z). Give y(4).
19
Let l(r) be the second derivative of -r**4/12 + r**3/2 - 3*r**2/2 - 12*r. Determine l(4).
-7
Let f(p) = -2*p + 2 - 2. Let g(r) = -2*r**2 - 3*r - 1. Suppose 1 = -3*h - s - 5, -6 = 3*h - 4*s. Let i be g(h). What is f(i)?
6
Let j(f) = f**3 + 2*f**2 + 2*f - 2. Let r(o) = -2*o**3 - 3*o**2 - 4*o + 4. Let k(h) = 7*j(h) + 3*r(h). Give k(-2).
6
Let v(g) = -4*g**2 + 4*g + 12. Suppose i = -4 + 13. Let h(w) = 0*w**2 - i + 5*w + 22 - 5*w**2. Let k(x) = 3*h(x) - 4*v(x). Determine k(0).
-9
Let y = 5/2 + -13/6. Let d(r) be the first derivative of y*r**3 + 1/4*r**4 - 2*r - 2 - 3/2*r**2. Calculate d(-2).
0
Let f(s) = -s + 1. Let d(v) = -v**3 - v**2 + 8*v - 8. Let l(x) = d(x) + 5*f(x). What is l(-3)?
6
Let c(s) = -9*s**3 + 17*s**2 + 19*s + 3. Let j(o) = -4*o**3 + 8*o**2 + 9*o + 1. Let g(f) = -3*c(f) + 7*j(f). Calculate g(6).
-2
Let c(r) = r**3 - 15*r**2 - 4. Let x be c(15). Let u(j) = -j - 5. Determine u(x).
-1
Let w(h) = -h + 2. Let m = 58 + -30. Suppose 2*z + z = -2*i - 16, 5*z = -4*i - m. Calculate w(z).
6
Let c(s) = 2*s**2 + 2*s + 10. Let h(w) = -w**2 - 1. Let b(l) = -c(l) - 6*h(l). Let n(v) = 7*v**2 - 5*v - 8. Let t(f) = -5*b(f) + 3*n(f). Give t(5).
-4
Let w(y) = -y**2 - 5*y - 10. Let l(o) = -o + 1. Let f(a) = 3*l(a) + w(a). Determine f(-7).
0
Let r(n) = 9*n**3 + 2*n**2 - 5*n - 3. Let a(t) = -4*t**3 - t**2 + 2*t + 2. Let o = -6 - -3. Let u(j) = o*r(j) - 7*a(j). Suppose -5*s = -3*s. Give u(s).
-5
Let v be (-2)/9 - (-29)/9. Let o = v - 8. Let s(g) = 2 - g**2 - 2 - 3 - 7*g. Determine s(o).
7
Suppose -7 + 1 = -3*d. Let y(j) = -3*j**2 + 2*j + 4. Let c = 9 - 4. Let o(t) = 4*t**2 - 2*t - 5. Let h(v) = c*y(v) + 4*o(v). Calculate h(d).
8
Let f(d) = -d**3 - d**2 + d + 3. Let u be f(0). Let l(t) = -1 + t**u - 3 + 2 + 3*t**2. Let i = -12 - -9. Give l(i).
-2
Let p(v) = -v**3 - 6*v**2 - 4*v + 3. Suppose i = -5*g + 7, 26 = 4*g - 5*i + 3. Let o be (63/6)/(-3)*g. Let s be o - (-1 + (-1)/1). What is p(s)?
-2
Let q(c) be the first derivative of c**2 - 2*c + 1. Let i be 2 + -3 - (3 - 0). Give q(i).
-10
Let g(z) = -2*z**2 - z - 1. Let t be (-2)/8 + (-9)/12. Calculate g(t).
-2
Let g(l) = -l**3 + 4*l**2 + 2*l - 6. Let r be g(4). Let w(d) be the first derivative of 2*d + 1/4*d**4 - 3/2*d**2 + 6 + 0*d**3. Give w(r).
4
Let s(x) = -x. Suppose -4 = 2*j - 0. Let c(w) be the first derivative of -w**3/3 + 2*w**2 - 6*w - 9. Let d(z) = j*s(z) + c(z). Give d(5).
-1
Let o(n) be the third derivative of 0*n - 1/12*n**4 - n**2 + 0 + 1/120*n**5 - 1/6*n**3. Let d(r) be the first derivative of o(r). Give d(2).
0
Let d(q) be the first derivative of q**2/2 - q + 6. What is d(-5)?
-6
Let b(i) = -i - 8. Suppose 5*t - 4 - 11 = 5*j, 5*t - 3*j - 19 = 0. Suppose c = 2*c + t. Give b(c).
-3
Let t be (4 - 1)/((-12)/8). Let a be -3*3*(-8)/18. Let d(i) = -4 + i**3 - i**2 + a*i**2 + 3. Determine d(t).
3
Let w(o) = o**3 - 5*o**2 + 4*o. Let n(q) be the first derivative of q**4/4 + 11*q**3/3 - q**2/2 - 7*q + 6. Let s be n(-11). What is w(s)?
0
Let k(y) = 5*y + 9. Let j(i) = 3*i + 5. Let t(m) = -7*j(m) + 4*k(m). Suppose 3*d - 2*f + 0*f + 22 = 0, 35 = -5*d + 3*f. Give t(d).
5
Let z(c) = c - 2*c + 7*c - c. What is z(-1)?
-5
Let j(d) be the first derivative of d**3/3 + d**2/2 + 7*d - 11. Determine j(0).
7
Suppose -5*q + 9 = -2*q. Let n be (6/(-10))/(2/(-10)). Let i(y) = -n*y + 0 + y + 6 - 5 + y**2. Determine i(q).
4
Let f be 1 - 2*2/(-2). Let p(b) = -6*b**3 + 8*b**2 + b + 9. Let k(z) = 7*z**3 - 9*z**2 - z - 10. Let d(y) = 5*k(y) + 6*p(y). Calculate d(f).
7
Let l(s) = -4*s**2 - 3*s**3 + 5 - 2*s - 8 + 2*s**3. What is l(-3)?
-6
Let u be (-1 - -3)/(-6)*0. Let w = 2 + u. Let g(j) = j - w*j**2 + j + 1 - 4*j. Give g(-2).
-3
Let u(d) = -d**3 + 9*d**2 - 6*d - 8. Suppose -4*s + 2*o + o + 44 = 0, 2*o = -3*s + 16. Give u(s).
8
Let t(q) = -7*q**2 + q. Let b(d) = d**3 - 4*d**2 + 4*d - 2. Suppose 2 = 2*i, -3*k + 3*i + i + 5 = 0. Let o be b(k). What is t(o)?
-6
Let m(l) be the second derivative of l**4/12 + 4*l**3/3 + 7*l**2/2 - l. Suppose 14 = f + 5*b, 3*b = 3*f + 2*b + 22. Calculate m(f).
-5
Suppose -w = -2*w. Suppose 4 = -w*q - 2*q. Let m(l) = 2*l**3 + l**2 - 3*l - 1. Determine m(q).
-7
Let c(t) = -t**3 + 7*t**2 - 6*t + 3. Let l be c(6). Suppose 0 = l*f + 5*q - 18, -3*f = -q - 2*q + 6. Let p(j) = 2*j + 1 - 3*j - f. What is p(-1)?
1
Let h(q) = -4*q**2 + 6*q - 5. Let g(u) be the second derivative of -u**4/12 - u**2/2 + 4*u. Let x(n) = 3*g(n) - h(n). What is x(4)?
-6
Let z(d) = -8*d - 30. Let l be z(-4). Let u(h) = h**3 + h**2 - 3*h + 3. Determine u(l).
9
Let n(m) = -m**3 - 4*m**2 + 5*m - 2. Let a(t) = -4*t**2. Let s be a(1). Let x = 2 - s. Suppose x*p - 5*p = -5. Give n(p).
-2
Let h(t) = -5*t - 4 + 4*t**2 + t**2 - 3*t - 2*t**2. Let w(u) = -3*u**2 + 9*u + 5. Let i(p) = -6*h(p) - 5*w(p). What is i(2)?
-7
Let t(u) be the first derivative of -u**2 - 7*u - 1. Let o be t(-6). Let h(y) = 0 + o*y - 3 - 3*y. Calculate h(3).
3
Let s(r) be the second derivative of -2*r + 1/20*r**5 + 1/3*r**3 + 0 + 5/12*r**4 - 5/2*r**2. Calculate s(-4).
3
Let n(z) be the first derivative of -1/3*z**3 + 5/2*z**2 + 2 - 1/4*z**4 + 2*z. Determine n(-3).
5
Let j(x) = -x - 1. Let s(t) = 3*t + 2. Suppose -2*u - 11 = 6*w - w, -u + 5 = -w. Let f(k) = u*s(k) + 5*j(k). Calculate f(3).
2
Let r = 50 + -36. Let n = 14 - r. Let c(y) = y**3 + y**2 - y - 3. Determine c(n).
-3
Suppose -8 = 2*w + 2. Let o = 9 + w. Let n(s) = o*s - 4*s - 12 - s. What is n(-5)?
-7
Let t(d) = d**2 - 9134*d + 0*d**2 + 9138*d + 3. Suppose 0 = -5*n - 9 - 1. Calculate t(n).
-1
Let f(y) = 3*y**2 + 2*y. Let c(o) = o**2 + o - 2. Let w(u) = -2*c(u) + f(u). Determine w(0).
4
Let r(y) = -4 - 5*y**2 - 4*y**3 + 0*y**2 + 5*y**3 + 2*y. Let u be 6/(-36) - (-3)/(54/75). Calculate r(u).
-12
Let i be (-2)/(-10) + 208/(-40). Let k(f) = -2*f + 1. Let y(b) = -b + 1. Let u(g) = -4*k(g) + 7*y(g). What is u(i)?
-2
Let b(m) = 3*m**3 + 164*m**2 - 4*m - 166*m**2 - 2*m**3 + 3. Let c be (3 + 1)/2 + 1. Determine b(c).
0
Let r be (4/(-5))/(7/(-70)). Let k = -6 + r. Suppose -3*q + 3 = 4*v + k, -2*q + 4 = v. Let b(c) = c**2 - 4*c + 3. Calculate b(q).
0
Let h(w) = -10*w**2 - 19*w + 6. Let d(s) = 10*s - 4 + 0*s - 5*s + 8*s + 7*s**2. Let c(o) = 7*d(o) + 5*h(o). Calculate c(-4).
2
Let i(w) be the second derivative of w**4/12 - 11*w**3/6 - 6*w**2 - 2*w + 1. What is i(9)?
-30
Let m be (-11)/(3 - 14/4). Let y(p) = -p**2 + 27*p - p**2 - m*p + p**2. What is y(5)?
0
Let o be (-26)/4 + (-1)/(-2). Suppose -2*j = -j - m - 4, -4*m + 4 = j. Let q(x) = 9 + x + j + 3 - 9. Determine q(o).
1
Let l = 8 - 8. Let g = 5 + 0. Suppose l = g*d - 2*d + 3. Let r(f) = 7*f**2 - f - 1. What is r(d)?
7
Suppose 0 = 5*w - 25, -5*i = -0*i - 3*w - 10. Let m = 8 - i. Let b(r) = -m*r**3 + 0*r + 2*r**3 + r. Calculate b(1).
0
Let u(y) be the first derivative of 1 + 0*y**2 + y - 1/6*y**3 + 1/20*y**5 - 1/6*y**4. Let w(d) be the first derivative of u(d). Determine w(3).
6
Let p(z) be the second derivative of z**5/120 + z**4/4 + 5*z**3/6 + 4*z. Let l(s) be the second derivative of p(s). Give l(0).
6
Let y(x) = x**2 + x - 1. Let j = 4 - 3. What is y(j)?
1
Let h be ((-9)/3)/3 - -4. Let x = h - -1. Let z(i) = 5*i + 1 - i**3 - x*i**2 + 2*i**2 + 7*i**2. Determine z(6).
-5
Let v(a) = 5*a + 3. Let l(w) = w - 18. Let s be l(14). Determine v(s).
-17
Let c(q) = -q**2 - q + 2. Let g be c(0). Suppose d = g*z - 3, -2 = -3*d + 3*z - 8. Let v(m) = 5*m - 1. Calculate v(d).
-6
Let i(h) = -5 + 1 - h**2 - 2*h + h + 7. What is i(-3)?
-3
Let j be (-1)/(-4) - (-15)/4. Let c(b) be the second derivative of 5/2*b**2 + 0 - 2/3